. What is the greatest common divisor of 153 and b?
17
Let m(c) = c**3 + 9*c**2 + 9*c - 2. Let k(h) = h - 2. Let o be k(-5). Let i be m(o). Suppose i = 2*a - 7. What is the highest common factor of 8 and a?
4
Suppose 0 = 14*g - 6*g - 104. Let i(x) = x - 1. Let h be i(-5). Let a be 0 - (4*h - 2). What is the highest common factor of g and a?
13
Suppose 5*v = 3*x - 0*x + 256, -260 = -5*v + 5*x. Calculate the highest common factor of v and 20.
10
Let h(s) = s**3 - 9*s**2 - 8*s. Let i = 117 + -70. Suppose i = 5*x - 8. Let n be h(x). Calculate the highest common divisor of n and 14.
14
Let w(i) = i + 0*i**2 + 2*i**2 + 8 + 0*i**2. Let j be w(-9). Calculate the highest common divisor of j and 23.
23
Suppose -5*u + 12*b + 144 = 9*b, 5*b - 100 = -3*u. What is the highest common divisor of u and 25?
5
Let a be (-4)/30 - 244/(-30). What is the highest common factor of a and 24?
8
Suppose -4*i - 64 = -k, 296 = 4*k + k + 4*i. What is the highest common divisor of k and 15?
15
Let b be ((-1)/(-3))/(3/36). Suppose -b*f = -8*f + 12. Calculate the highest common divisor of f and 2.
1
Let h(k) = 10*k - 18. Let u be h(15). Let t be (11 - 2)/((-6)/(-8)). What is the greatest common divisor of t and u?
12
Let b = 41 + -22. What is the highest common factor of 76 and b?
19
Let y(d) = 8 + 6*d**2 + 6 - d + 2*d**3 - 3*d**3. Let w be y(6). Suppose m + 1 = 9. What is the highest common factor of w and m?
8
Suppose 2*n - 10 = -5*z, 3 = z + 5*n + 1. Suppose z*a = 7 + 15. What is the highest common factor of a and 11?
11
Suppose 5*w = 3*p - 436, 3*w + 426 = 6*p - 3*p. Let k = p - 73. Calculate the greatest common divisor of k and 16.
16
Let u = -7 - -41. Calculate the highest common factor of u and 51.
17
Suppose 10 + 25 = n. What is the greatest common divisor of 7 and n?
7
Let k(v) = v**2 - 7*v - 75. Let m be k(16). What is the highest common divisor of 92 and m?
23
Let v(w) = -w**3 + 5*w**2 - w - 8. Let n be v(3). What is the greatest common factor of 2 and n?
1
Suppose 0 = 2*k - 2 - 4. What is the highest common divisor of 6 and k?
3
Suppose h + 0*h = 0. Let g be ((-22)/4 - h)*-12. Suppose 0*r = 2*r - 88. Calculate the greatest common factor of g and r.
22
Suppose -u + 62 = -2. Suppose -3*q = -4*m - 48, 4*q = -0*q + 4*m + u. What is the highest common factor of 64 and q?
16
Let z(o) = 53*o + 1. Let g be z(1). Suppose 2*r + 54 = 5*a, 36 = 4*a + r + r. Suppose c = -1 + a. Calculate the highest common factor of g and c.
9
Suppose -6*p = -p + 475. Let q = 143 + p. Let z = q - 33. What is the greatest common divisor of 3 and z?
3
Suppose -9*o + 304 = -7*o. Calculate the highest common divisor of 19 and o.
19
Suppose -3*z + l + 11 = -z, 4*z - 19 = l. Let s(c) = 2*c**2 + 4*c - 3. Let j be s(z). Calculate the greatest common factor of 5 and j.
5
Let l be ((-12)/30)/(1/(-330)). Let q be (-4 + l/8)*2. What is the greatest common factor of 225 and q?
25
Let y = -3 + 7. Suppose y*q - 64 = -a, -4*q - q = -2*a - 80. What is the highest common factor of 8 and q?
8
Let a(g) = -g**2 + 6*g + 2. Let z be a(6). Let x = 7 - 3. Calculate the greatest common factor of x and z.
2
Suppose 0 = 3*k + 5*y - 24 - 0, -2*k = -5*y - 16. What is the greatest common divisor of 28 and k?
4
Let y = -9 - -15. Suppose 5*z - 40 = -5*j, -3*j + z = -3 - 1. What is the greatest common divisor of j and y?
3
Suppose 2*q - 1120 = -5*c + q, 5*c + 5*q = 1100. What is the greatest common divisor of 90 and c?
45
Let w = 0 + -3. Let i be -3*(5/w + 1). Let k be -2*1 - (i + -11). Calculate the greatest common factor of k and 77.
7
Let h = 277 - 185. Let z = 30 + 8. Suppose -3*d + p + z = -14, -3*p - h = -5*d. What is the highest common divisor of d and 144?
16
Let x be ((-2)/(-5))/(4/10). What is the greatest common factor of 4 and x?
1
Suppose 3*n + 0*n - 3 = 0. Let q be 4/3*21/2. Suppose q = 2*w + 4. What is the highest common factor of n and w?
1
Let l(k) = k**3 - 4*k**2 - k - 5. Let z be l(5). What is the greatest common factor of z and 45?
15
Suppose -2*x - 14 = 4*p, 3*x - 35 + 1 = 5*p. Calculate the highest common divisor of 5 and x.
1
Let y = 7 - -4. Calculate the greatest common factor of y and 77.
11
Let x(l) = -4*l + 10. Let u be x(-11). Let i(w) = -14*w - 3. Let k be i(-4). Suppose k = 4*g - 19. Calculate the highest common factor of u and g.
18
Let x(t) = 6*t**2 - 2*t - 1. Let m be (-2)/5*(6 - 1). Let n be x(m). Let l be (-1176)/(-66) - 4/(-22). Calculate the greatest common factor of n and l.
9
Suppose -3*w + l = -3, -4*l = -w + 1 - 0. Let r be (-2 - 2) + w - -17. Calculate the highest common factor of 21 and r.
7
Suppose d = 2 + 10. Calculate the highest common factor of d and 4.
4
Suppose 0 = -2*y - 5*h - 7 + 56, y = 3*h - 3. What is the highest common divisor of y and 8?
4
Suppose 15*n = 9*n + 1428. Calculate the greatest common divisor of n and 34.
34
Let l be -2 - (-2 + -4 + 0). Let t(v) = -v**3 + 3*v**2 + 4*v + 5. Let u be t(l). Let z = u + -3. What is the greatest common factor of 18 and z?
2
Suppose -4*a + 258 = 82. Let g = 143 - 132. What is the highest common divisor of g and a?
11
Suppose -4*h = -2*p + 4 + 16, 0 = -5*h + 15. Let q = 6 - 3. Suppose q = 3*x - 21. What is the greatest common factor of p and x?
8
Suppose 7 = -3*n + 13. What is the greatest common factor of n and 10?
2
Suppose -p + 0 + 9 = 0. Calculate the highest common divisor of 99 and p.
9
Let p(i) = -i - 7. Let u be p(-10). Suppose -u*v = 185 - 545. What is the greatest common factor of v and 24?
24
Let h be 1084/18 + (-2)/9. Suppose -2*v - v + h = 0. Let z be (-15)/(-4) - (-5)/20. What is the highest common divisor of z and v?
4
Let v be 1 - ((-4)/(-4) + 38). Let y(g) = 4*g**2 + 2*g - 3. Let p be y(-5). Let l = v + p. Calculate the highest common factor of l and 7.
7
Let m = 2 - -4. What is the greatest common factor of m and 18?
6
Let o(s) = -s**3 + 15*s**2 + 5. Let r be o(15). Let z = -3 + r. Calculate the greatest common factor of z and 6.
2
Let n(r) = 5*r**2 + 5*r - 12*r + 2 + 9*r. Let f be n(-2). Calculate the highest common factor of f and 45.
9
Suppose -3*z + 11 = 5*m - 8, 0 = 4*m + 4*z - 20. Let y be (-1)/((-2 + 0)/m). Let i be (1 + y)*3/1. What is the greatest common divisor of 12 and i?
6
Suppose -5*l = -9*l. Let f be 1 - (-2 - (l - 1)). What is the greatest common divisor of f and 5?
1
Suppose 0 = -7*p + 13*p - 360. What is the greatest common factor of p and 150?
30
Let q(j) = 4*j - 17. Let f be q(10). What is the highest common factor of 23 and f?
23
Let q be 2/(-6) - (-1810)/30. Suppose q = 3*a - 12. Calculate the highest common factor of a and 8.
8
Let v(a) = 2*a**2 - 12*a + 6. Let r be v(9). What is the greatest common factor of 36 and r?
12
Let l = 11 - 18. Let s(k) = k**3 + 7*k**2 - 3*k - 9. Let r be s(l). What is the greatest common factor of 6 and r?
6
Let o be (4 - -1 - -2) + -2. Suppose 110 = o*m - 5*g, -4*m + g = -0*m - 85. Let u = 14 + -11. What is the greatest common factor of u and m?
3
Suppose -11 = -2*b + 17. Let v(c) = -14 - 15*c + 2*c**2 - 5*c**2 + 12*c + 4*c**2. Let q be v(-7). Calculate the highest common factor of q and b.
14
Suppose -12*m + 17*m = 275. What is the highest common factor of m and 22?
11
Let p = 87 + -59. Let m be (-3 - 33/(-7))*p. Calculate the highest common factor of 6 and m.
6
Let r(h) be the first derivative of h**2/2 + 17*h + 2. Let g be r(0). Calculate the highest common divisor of g and 68.
17
Suppose x - 8 = -3*x. Suppose -2*n + 3 = -n. Suppose 0 = -0*g - g + x, -n*g + 636 = 5*k. What is the highest common divisor of 14 and k?
14
Let s(x) = 2*x**2 + 2*x - 7. Let k be s(-3). Suppose -46 = -5*q + w, 0*w - k*w - 41 = -4*q. Calculate the greatest common divisor of 45 and q.
9
Let w be 4/14 - 402/(-14). Suppose -3*p = 5*y + 15, -4*y + p - w = -0*p. Let i be (y/(-8))/((-2)/(-8)). Calculate the highest common divisor of i and 3.
3
Let c(u) be the second derivative of -19*u**3/6 - u**2/2 - 4*u. Let l be c(-7). Calculate the greatest common factor of l and 12.
12
Suppose -o = 2*o - 84. Let q be (-2)/(0 - (-1)/(-2)). Let c be 632/9 + q/(-18). Calculate the greatest common factor of c and o.
14
Let r(y) = -y**3 + 8*y**2 - 8*y + 10. Let z be r(7). Suppose z*j + 5*m - 54 = 0, 2*j + 23 - 59 = 3*m. Calculate the greatest common divisor of j and 198.
18
Suppose -2*j + 2*b - 5*b + 288